{"id":624,"date":"2021-07-26T23:21:24","date_gmt":"2021-07-26T22:21:24","guid":{"rendered":"https:\/\/laboratorioquintal.org\/index.php\/home-english\/"},"modified":"2022-01-12T11:43:34","modified_gmt":"2022-01-12T11:43:34","slug":"home-english","status":"publish","type":"page","link":"https:\/\/laboratorioquintal.org\/index.php\/en\/home-english\/","title":{"rendered":"HOME"},"content":{"rendered":"<p><em>Acho que o\u00a0quintal\u00a0onde a gente brincou \u00e9 maior do que a cidade. A gente s\u00f3 descobre isso depois de grande. <\/em><\/p>\n<p><em>A gente descobre que o tamanho das coisas h\u00e1 de ser medido pela intimidade que temos com as coisas. <\/em><\/p>\n<p><em>H\u00e1 de ser como acontece com o amor.<\/em><\/p>\n<p><em>Assim, as pedrinhas do nosso quintal s\u00e3o sempre maiores do que as outras pedras do mundo.<\/em><\/p>\n<p><em> Justo pelo motivo da intimidade.<\/em><\/p>\n<p><em>Mas o que eu queria dizer sobre o nosso quintal \u00e9 outra coisa.<\/em><\/p>\n<p>&nbsp;<\/p>\n<p>Manoel de Barros<\/p>\n<p>&nbsp;<\/p>\n","protected":false},"excerpt":{"rendered":"<p>Acho que o\u00a0quintal\u00a0onde a gente brincou \u00e9 maior do que a cidade. A gente s\u00f3 descobre isso depois de grande. A gente descobre que o tamanho das coisas h\u00e1 de ser medido pela intimidade que temos com as coisas. H\u00e1&#8230; <a class=\"more-link\" href=\"https:\/\/laboratorioquintal.org\/index.php\/en\/home-english\/\">Continua a leggere &rarr;<\/a><\/p>\n","protected":false},"author":1,"featured_media":0,"parent":0,"menu_order":0,"comment_status":"closed","ping_status":"closed","template":"","meta":{"footnotes":""},"class_list":["post-624","page","type-page","status-publish","hentry"],"_links":{"self":[{"href":"https:\/\/laboratorioquintal.org\/index.php\/wp-json\/wp\/v2\/pages\/624","targetHints":{"allow":["GET"]}}],"collection":[{"href":"https:\/\/laboratorioquintal.org\/index.php\/wp-json\/wp\/v2\/pages"}],"about":[{"href":"https:\/\/laboratorioquintal.org\/index.php\/wp-json\/wp\/v2\/types\/page"}],"author":[{"embeddable":true,"href":"https:\/\/laboratorioquintal.org\/index.php\/wp-json\/wp\/v2\/users\/1"}],"replies":[{"embeddable":true,"href":"https:\/\/laboratorioquintal.org\/index.php\/wp-json\/wp\/v2\/comments?post=624"}],"version-history":[{"count":10,"href":"https:\/\/laboratorioquintal.org\/index.php\/wp-json\/wp\/v2\/pages\/624\/revisions"}],"predecessor-version":[{"id":1168,"href":"https:\/\/laboratorioquintal.org\/index.php\/wp-json\/wp\/v2\/pages\/624\/revisions\/1168"}],"wp:attachment":[{"href":"https:\/\/laboratorioquintal.org\/index.php\/wp-json\/wp\/v2\/media?parent=624"}],"curies":[{"name":"wp","href":"https:\/\/api.w.org\/{rel}","templated":true}]}}