{"id":277,"date":"2021-07-27T01:03:13","date_gmt":"2021-07-27T00:03:13","guid":{"rendered":"https:\/\/laboratorioquintal.org\/?page_id=277"},"modified":"2024-02-07T15:57:39","modified_gmt":"2024-02-07T15:57:39","slug":"mission-vision","status":"publish","type":"page","link":"https:\/\/laboratorioquintal.org\/index.php\/mission-vision\/","title":{"rendered":"Mission &#038; Vision"},"content":{"rendered":"<blockquote><p><span style=\"font-size: 14pt;\"><em><span style=\"font-family: georgia, palatino;\"><span style=\"color: #993366;\">Crediamo nel cambiamento sociale attraverso l&#8217;arte e la ricerca e ci impegniamo a favorire l&#8217;inclusione e la partecipazione con il fine di dare luogo a nuove opportunit\u00e0 di crescita.<\/span><\/span><\/em><\/span><\/p><\/blockquote>\n<p style=\"text-align: right;\"><span style=\"font-weight: 400; font-family: 'book antiqua', palatino;\">QUINTAL \u00e8 una Associazione di Promozione Sociale (APS)<br \/>\nche mira a favorire il dialogo e l&#8217;intersezione tra arti e ricerca scientifica, con particolare attenzione al campo dell&#8217;etnomusicologia e dell&#8217;antropologia, secondo una metodologia partecipativa. Il suo obiettivo principale\u00a0\u00e8 di <strong>promuovere e diffondere le diverse arti performative e visive per poter contribuire alla conoscenza della cultura dei Paesi di lingua ufficiale portoghese e delle comunit\u00e0 diasporiche presenti sul territorio italiano ed europeo<\/strong>. L&#8217;associazione sar\u00e0 aperta alla realizzazione di attivit\u00e0 artistiche e di ricerca relative anche ad altri territori, qualora possa favorire lo scambio culturale e incoraggiare l&#8217;educazione e a favorire il cambiamento sociale attraverso l&#8217;arte.<\/span><\/p>\n<p style=\"text-align: right;\"><span style=\"font-family: 'book antiqua', palatino;\">Nella lingua portoghese il <em><strong>quintal<\/strong><\/em> indica un&#8217;area esterna all&#8217;abitazione principale, il cortile, dove la famiglia e gli amici si riuniscono, consumano i loro pasti, discutono dei pi\u00f9 svariati temi, si rilassano, scambiano informazioni o prendono decisioni importanti. \u00c8 un luogo di incontro che, nell&#8217;intimit\u00e0 dello spazio domestico, riesce a essere accogliente anche per i visitatori esterni.<\/span><\/p>\n<p style=\"text-align: right;\"><span style=\"font-family: 'book antiqua', palatino;\">Il nome dell&#8217;associazione \u00e8 quindi allusivo a questo ambiente inclusivo e partecipativo a cui ci ispiriamo. <strong>Proponiamo la diffusione della conoscenza in una dimensione pi\u00f9 ampia e transnazionale secondo canali orizzontali, innovativi e sostenibili.<\/strong><\/span><\/p>\n<p>&nbsp;<\/p>\n","protected":false},"excerpt":{"rendered":"<p>Crediamo nel cambiamento sociale attraverso l&#8217;arte e la ricerca e ci impegniamo a favorire l&#8217;inclusione e la partecipazione con il fine di dare luogo a nuove opportunit\u00e0 di crescita. QUINTAL \u00e8 una Associazione di Promozione Sociale (APS) che mira a&#8230; <a class=\"more-link\" href=\"https:\/\/laboratorioquintal.org\/index.php\/mission-vision\/\">Continua a leggere &rarr;<\/a><\/p>\n","protected":false},"author":2,"featured_media":0,"parent":0,"menu_order":0,"comment_status":"closed","ping_status":"closed","template":"","meta":{"footnotes":""},"class_list":["post-277","page","type-page","status-publish","hentry"],"_links":{"self":[{"href":"https:\/\/laboratorioquintal.org\/index.php\/wp-json\/wp\/v2\/pages\/277","targetHints":{"allow":["GET"]}}],"collection":[{"href":"https:\/\/laboratorioquintal.org\/index.php\/wp-json\/wp\/v2\/pages"}],"about":[{"href":"https:\/\/laboratorioquintal.org\/index.php\/wp-json\/wp\/v2\/types\/page"}],"author":[{"embeddable":true,"href":"https:\/\/laboratorioquintal.org\/index.php\/wp-json\/wp\/v2\/users\/2"}],"replies":[{"embeddable":true,"href":"https:\/\/laboratorioquintal.org\/index.php\/wp-json\/wp\/v2\/comments?post=277"}],"version-history":[{"count":18,"href":"https:\/\/laboratorioquintal.org\/index.php\/wp-json\/wp\/v2\/pages\/277\/revisions"}],"predecessor-version":[{"id":1282,"href":"https:\/\/laboratorioquintal.org\/index.php\/wp-json\/wp\/v2\/pages\/277\/revisions\/1282"}],"wp:attachment":[{"href":"https:\/\/laboratorioquintal.org\/index.php\/wp-json\/wp\/v2\/media?parent=277"}],"curies":[{"name":"wp","href":"https:\/\/api.w.org\/{rel}","templated":true}]}}